 a prime number?
False
Is 86139371 prime?
False
Is 86866213 a prime number?
False
Is 33092783 prime?
True
Is 16582945 prime?
False
Is 15750547 a composite number?
True
Is 4136621 a prime number?
False
Is 430011847 a composite number?
False
Is 29134333 composite?
True
Is 87095 a composite number?
True
Is 1189910033 a composite number?
True
Is 52865921 a composite number?
False
Is 136011262 prime?
False
Is 5710993 a prime number?
True
Is 8057906 a composite number?
True
Is 70521603 a prime number?
False
Is 4444283 composite?
True
Is 94357223 prime?
True
Is 133013 a prime number?
True
Is 17723969 composite?
False
Is 116100017 prime?
False
Is 51631181 prime?
False
Is 69300187 composite?
True
Is 2007211 composite?
True
Is 163066627 a composite number?
False
Is 2157989 prime?
True
Is 22869451 a prime number?
False
Is 76675067 prime?
False
Is 11899333 prime?
True
Is 31731139 composite?
True
Is 43036943 composite?
False
Is 1362359 a composite number?
True
Is 110700659 a composite number?
True
Is 10250137 prime?
False
Is 79993751 prime?
False
Is 4123997 a prime number?
True
Is 41863937 composite?
False
Is 21888973 composite?
False
Is 15971339 prime?
True
Is 360846469 prime?
True
Is 8084501 a composite number?
False
Is 9545537 a composite number?
False
Is 239978603 a composite number?
False
Is 5578247 composite?
True
Is 4846891 a composite number?
True
Is 3655723 a prime number?
True
Is 63598193 prime?
True
Is 6280535 prime?
False
Is 2635057 a prime number?
True
Is 18694317 prime?
False
Is 378742787 composite?
False
Is 150667519 prime?
False
Is 1417531 composite?
True
Is 38105677 composite?
False
Is 221410367 prime?
True
Is 10150681 composite?
False
Is 3513149 prime?
True
Is 49892137 prime?
True
Is 97367 a prime number?
True
Is 2612969 prime?
True
Is 26908419 a composite number?
True
Is 1353298 composite?
True
Is 81787949 prime?
True
Is 2497667 prime?
True
Is 29326613 a prime number?
True
Is 38476817 composite?
True
Is 16640417 composite?
True
Is 10269295 composite?
True
Is 225005431 prime?
False
Is 10793171 a composite number?
False
Is 5400877 composite?
False
Is 345332279 prime?
True
Is 169058503 prime?
False
Is 122979287 composite?
False
Is 142846855 a prime number?
False
Is 617429009 a prime number?
True
Is 55467913 a composite number?
False
Is 340738183 prime?
False
Is 69857147 a prime number?
False
Is 136594687 prime?
True
Is 1291901123 composite?
True
Is 46692637 prime?
True
Is 302638877 a prime number?
True
Is 143800663 prime?
True
Is 8666591 a composite number?
False
Is 2744887 a prime number?
False
Is 59484163 composite?
False
Is 4036349 a composite number?
False
Is 109860893 prime?
True
Is 120115403 prime?
True
Is 3967127 a composite number?
False
Is 503147 composite?
False
Is 9216601 a composite number?
True
Is 22895849 composite?
False
Is 218368987 a prime number?
True
Is 1334249 prime?
False
Is 9990767 composite?
False
Is 429567877 prime?
True
Is 320687 a prime number?
True
Is 975543 composite?
True
Is 2227061 prime?
True
Is 258505073 a prime number?
False
Is 19525693 prime?
False
Is 1613279 a prime number?
True
Is 3994717 composite?
False
Is 26772131 a prime number?
True
Is 37442351 a composite number?
False
Is 656221 composite?
False
Is 79843417 prime?
False
Is 62216789 a composite number?
True
Is 23932483 a composite number?
False
Is 7902085 a prime number?
False
Is 408773023 a prime number?
True
Is 11087017 a composite number?
True
Is 452707 a composite number?
True
Is 423621677 a prime number?
True
Is 10004639 composite?
True
Is 32491061 prime?
True
Is 1413827 prime?
True
Is 495478 a composite number?
True
Is 5517667 prime?
True
Is 516991 a prime number?
True
Is 69473561 a composite number?
True
Is 19410539 composite?
True
Is 6051521 prime?
False
Is 785093 a prime number?
True
Is 21609463 composite?
True
Is 2019721 composite?
True
Is 3603227 composite?
False
Is 33196321 a prime number?
False
Is 1211570618 composite?
True
Is 41063291 composite?
True
Is 151751419 a prime number?
False
Is 18254645 composite?
True
Is 787427 prime?
True
Is 31926871 a composite number?
True
Is 34439299 a prime number?
False
Is 21744997 prime?
False
Is 8309729 prime?
False
Is 6065705 composite?
True
Is 95468323 composite?
True
Is 581611 a prime number?
False
Is 1191821 a prime number?
True
Is 30038027 prime?
True
Is 1073299 a prime number?
False
Is 8982619 composite?
False
Is 25371649 prime?
True
Is 19104431 a composite number?
False
Is 285370649 a prime number?
False
Is 392675203 a prime number?
True
Is 54792119 composite?
False
Is 208139 a composite number?
False
Is 1736857 a composite number?
True
Is 33281843 a composite number?
True
Is 11299139 a prime number?
True
Is 40891 a prime number?
False
Is 285734018 composite?
True
Is 696777 prime?
False
Is 528397 a prime number?
False
Is 50033107 a prime number?
True
Is 34955293 composite?
False
Is 468289 composite?
False
Is 824053 a prime number?
False
Is 29719331 composite?
False
Is 181778477 composite?
False
Is 1727261 a prime number?
True
Is 636679 a composite number?
True
Is 1070221 prime?
True
Is 42972373 a prime number?
True
Is 9117929 prime?
False
Is 4915061 a prime number?
False
Is 898477 prime?
True
Is 51791277 a composite number?
True
Is 40093291 composite?
True
Is 445456085 prime?
False
Is 1726627 prime?
False
Is 127103629 prime?
True
Is 22070261 a composite number?
False
Is 155315999 a composite number?
False
Is 359441 a prime number?
True
Is 7511809 a prime number?
False
Is 394453 a composite number?
False
Is 3317593 a composite number?
True
Is 88057527 a composite number?
True
Is 7078241 a prime number?
False
Is 53915497 prime?
False
Is 28179923 prime?
False
Is 2894959 composite?
True
Is 1717787 composite?
False
Is 429389 prime?
True
Is 47713901 a prime number?
False
Is 1472334353 a prime number?
False
Is 425791 a prime number?
True
Is 26271161 a prime number?
False
Is 88815011 composite?
True
Is 1508046971 a composite number?
False
Is 19759261 composite?
True
Is 52678883 a composite number?
True
Is 135840023 composite?
True
Is 3161953 a prime number?
True
Is 95900209 composite?
False
Is 198881203 a prime number?
True
Is 6966029 composite?
True
Is 62074031 prime?
True
Is 40295657 a composite number?
False
Is 5866709 a composite number?
False
Is 1907963 a prime number?
True
Is 180837421 prime?
False
Is 97508839 a composite number?
False
Is 435672499 a prime number?
True
Is 27934363 prime?
True
Is 9219445 a composite number?
True
Is 80604673 prime?
False
Is 8666627 a composite number?
False
Is 4031171 a prime number?
False
Is 6498707 prime?
True
Is 23033629 prime?
True
Is 4342661 prime?
False
Is 11040641 a composite number?
True
Is 13065271 a composite number?
False
Is 621303983 a composite number?
False
Is 8738305 prime?
False
Is 4347211 composite?
True
Is 10392421 composite?
True
Is 5223763 prime?
True
Is 10200143 composite?
True
Is 109247501 composite?
True
Is 3210667 a composite number?
False
Is 94387919 a composite number?
False
Is 28962806 composite?
True
Is 25213831 prime?
True
Is 11333813 prime?
True
Is 95423039 composite?
True
Is 21026053 a composite number?
False
Is 65019223 prime?
False
Is 6289229 a prime number?
True
Is 23033485 a composite number?
True
Is 144323269 composite?
False
Is 32599019 composite?
False
Is 43198289 composite?
False
Is 19437887 prime?
False
Is 470318 composite?
True
Is 363547547 a composite number?
True
Is 1681217 composite?
True
Is 34232273 a composite number?
True
Is 3619379 prime?
False
Is 151111139 prime?
False
Is 3104459 prime?
True
Is 11103217 a composite number?
False
Is 35103713 a composite number?
True
Is 1223351 a prime number?
True
Is 116297143 a prime number?
True
Is 61105939 composite?
True
Is 102718849 prime?
False
Is 74164091 a composite number?
False
Is 12724837 composite?
True
Is 19203187 prime?
False
Is 262567 prime?
True
Is 8913997 a prime number?
False
Is 4394869 prime?
False
Is 61097119 a prime number?
True
Is 95110153 a composite number?
False
Is 76450897 a composite number?
False
Is 14112889 a composite number?
True
Is 2792837 prime?
False
Is 2054579 a composite number?
False
Is 4425742 a composite number?
True
Is 391639 a composite number?
False
Is 79606793 a prime number?
False
Is 119136097 composite?
False
Is 93708557 composite?
Fal